False
Does 1600 divide 783081389?
False
Is 5166210 a multiple of 5?
True
Does 14 divide 22858337?
False
Is 46 a factor of 55204048?
True
Does 38 divide 45998696?
True
Is 3 a factor of 15209246?
False
Does 128 divide 11712244?
False
Does 3412 divide 210012012?
True
Is 225175808 a multiple of 832?
True
Does 1513 divide 1210400?
True
Does 34 divide 1275712337?
False
Does 9 divide 165554613?
True
Does 799 divide 1116833004?
False
Is 277092687 a multiple of 349?
False
Is 28 a factor of 2020221154?
False
Is 52179879 a multiple of 42?
False
Is 148 a factor of 32578796?
True
Is 32721458 a multiple of 41?
False
Does 321 divide 562237967?
False
Does 2611 divide 357981155?
True
Is 9 a factor of 45517707?
True
Does 268 divide 455185437?
False
Does 1379 divide 2236194381?
False
Is 85 a factor of 135304076?
False
Is 43 a factor of 25197567?
False
Is 1461278056 a multiple of 668?
True
Is 15871432 a multiple of 624?
False
Is 54 a factor of 106819668?
True
Is 4633580078 a multiple of 223?
True
Is 56 a factor of 53087911?
False
Is 125482980 a multiple of 1635?
True
Does 1403 divide 264243826?
True
Is 735442708 a multiple of 2366?
True
Is 105577200 a multiple of 300?
True
Does 216 divide 28834032?
False
Is 266 a factor of 808900946?
True
Is 42962082 a multiple of 51?
False
Is 254795130 a multiple of 95?
True
Is 116683556 a multiple of 11?
True
Is 114 a factor of 870894662?
False
Is 34 a factor of 625609663?
False
Does 224 divide 23079392?
True
Is 2169 a factor of 718776234?
True
Does 341 divide 59124811?
False
Is 298528464 a multiple of 48?
True
Is 9 a factor of 916281630?
True
Is 48597331 a multiple of 2111?
True
Does 2131 divide 2260775769?
True
Is 2196 a factor of 573081336?
True
Is 61 a factor of 112924111?
False
Does 7 divide 467730495?
False
Is 1012031809 a multiple of 8?
False
Is 26 a factor of 960981372?
True
Is 102272994 a multiple of 1706?
True
Is 103 a factor of 23582172?
False
Is 152033816 a multiple of 88?
True
Is 26 a factor of 19480816?
False
Does 4 divide 691690556?
True
Is 747550547 a multiple of 245?
False
Is 26682863 a multiple of 922?
False
Is 760534959 a multiple of 14?
False
Is 15 a factor of 50314755?
True
Is 100 a factor of 153167900?
True
Is 3 a factor of 25826133?
True
Is 2768219815 a multiple of 43?
True
Is 38 a factor of 374228721?
False
Is 54032474 a multiple of 46?
True
Is 40021548 a multiple of 1834?
True
Does 20 divide 12626184?
False
Is 625137801 a multiple of 1490?
False
Does 44 divide 353597332?
True
Is 9 a factor of 165718188?
True
Does 127 divide 9554851?
False
Does 18 divide 31382535?
False
Is 240976639 a multiple of 83?
True
Is 7410507 a multiple of 540?
False
Does 10 divide 205800820?
True
Is 122 a factor of 9945292?
False
Is 136187371 a multiple of 6?
False
Does 136 divide 513264?
True
Is 850253349 a multiple of 29?
True
Is 24 a factor of 297320976?
True
Is 1560925964 a multiple of 388?
False
Is 58 a factor of 104943112?
True
Does 986 divide 35304212?
False
Is 41 a factor of 197757949?
False
Is 21 a factor of 73609578?
True
Does 461 divide 190252395?
True
Does 17 divide 4046510?
True
Is 5238 a factor of 835948134?
True
Is 72 a factor of 529916544?
True
Is 44836829 a multiple of 575?
False
Is 5982228 a multiple of 84?
True
Does 570 divide 38954370?
True
Does 1535 divide 10097230?
True
Is 2608 a factor of 165010768?
True
Is 172 a factor of 24763872?
True
Is 74 a factor of 1629776?
True
Is 8974 a factor of 2326481229?
False
Is 179 a factor of 5538256891?
False
Is 289238374 a multiple of 1496?
False
Is 757333316 a multiple of 3921?
False
Is 76 a factor of 22687422?
False
Is 396384584 a multiple of 61?
False
Is 139 a factor of 1274054957?
True
Does 6 divide 61503018?
True
Is 459299236 a multiple of 44?
True
Is 303698201 a multiple of 5?
False
Is 167 a factor of 305419598?
False
Does 342 divide 90634841?
False
Is 1687958752 a multiple of 4418?
True
Is 53 a factor of 355822?
False
Is 68 a factor of 389922314?
False
Is 2853014758 a multiple of 1698?
False
Is 4 a factor of 43399937?
False
Does 46 divide 16050758?
False
Is 1986 a factor of 54390582?
True
Does 5 divide 242683571?
False
Is 1067 a factor of 9171932?
True
Is 56 a factor of 206993640?
True
Is 104494631 a multiple of 34?
False
Does 37 divide 95892706?
False
Is 305 a factor of 5605553?
False
Is 84673933 a multiple of 3098?
False
Is 297 a factor of 41657517?
True
Does 2042 divide 45826827?
False
Is 113931356 a multiple of 77?
True
Is 96071360 a multiple of 44?
True
Is 844424952 a multiple of 427?
True
Is 95 a factor of 823026820?
False
Does 7684 divide 3254909681?
False
Is 2134746552 a multiple of 12603?
True
Is 894 a factor of 62062940?
False
Is 43 a factor of 31550992?
True
Does 78 divide 14076722?
False
Does 3359 divide 52155193?
True
Does 61 divide 890806542?
False
Is 26 a factor of 4910040252?
True
Is 3 a factor of 263669445?
True
Is 14 a factor of 329994887?
False
Does 60 divide 4408139?
False
Is 454 a factor of 14829174?
False
Is 4978028 a multiple of 22?
True
Does 552 divide 97764720?
True
Is 7 a factor of 355403?
False
Is 369381 a multiple of 158?
False
Is 185706428 a multiple of 27?
False
Does 105 divide 64102087?
False
Is 90 a factor of 3229789499?
False
Is 51283680 a multiple of 280?
True
Does 2070 divide 143655899?
False
Does 72 divide 32838840?
True
Is 70 a factor of 4888178?
False
Does 38 divide 57849437?
False
Does 185 divide 3573090?
True
Is 1239 a factor of 39635610?
True
Is 83644545 a multiple of 15?
True
Is 6564 a factor of 119064396?
True
Does 181 divide 27955631?
True
Is 8270217 a multiple of 9?
True
Is 190 a factor of 5119306420?
True
Is 7 a factor of 1426348364?
True
Is 584290733 a multiple of 2595?
False
Is 46789140 a multiple of 12?
True
Is 1751 a factor of 81501021?
False
Is 283 a factor of 288569432?
False
Is 222480648 a multiple of 36?
True
Is 191938510 a multiple of 19?
False
Does 8 divide 916466813?
False
Does 172 divide 113575728?
True
Does 7532 divide 1274263760?
True
Does 4 divide 109539785?
False
Does 5468 divide 45341962?
False
Does 759 divide 16793415?
False
Is 8031358 a multiple of 540?
False
Does 562 divide 1851773877?
False
Is 665713904 a multiple of 62?
False
Is 147438219 a multiple of 113?
True
Is 3852 a factor of 155674999?
False
Is 20 a factor of 169301559?
False
Is 15400284 a multiple of 6?
True
Does 118 divide 96614506?
True
Does 39 divide 714552456?
False
Is 93434165 a multiple of 1035?
False
Is 74810627 a multiple of 17?
False
Does 171 divide 1601504604?
True
Is 4638858 a multiple of 238?
True
Is 14021271 a multiple of 11?
True
Does 541 divide 434169271?
True
Does 1670 divide 568522296?
False
Does 139 divide 17749662?
False
Is 15 a factor of 66724923?
False
Is 255521091 a multiple of 21?
True
Is 21399160 a multiple of 1302?
False
Is 127443544 a multiple of 359?
False
Is 42432044 a multiple of 74?
True
Is 184 a factor of 26670337?
False
Is 5432065 even?
False
Is 2175200339 a multiple of 15?
False
Is 75321955 a multiple of 236?
False
Is 1226661669 a multiple of 1977?
False
Is 87374081 a multiple of 47?
True
Is 311 a factor of 14406605?
False
Does 894 divide 2164520616?
True
Is 4 a factor of 441318791?
False
Does 864 divide 316699200?
True
Is 428 a factor of 487689736?
True
Is 6783973336 a multiple of 1180?
False
Does 7 divide 787908668?
False
Is 2007965 a multiple of 3?
False
Is 24 a factor of 36687216?
True
Is 1796 a factor of 802952810?
False
Is 11 a factor of 462719752?
True
Is 8592210 a multiple of 27?
True
Is 17894203 a multiple of 9?
False
Is 3169076 a multiple of 18?
False
Is 32 a factor of 97422749?
False
Is 2068 a factor of 1975818900?
True
Is 267240167 a multiple of 48?
False
Is 50539584 a multiple of 192?
True
Does 5 divide 752772?
False
Is 802897654 a multiple of 29?
True
Is 8568004 a multiple of 165?
False
Is 404 a factor of 891153300?
True
Does 46 divide 3739340?
True
Does 5 divide 165188470?
True
Does 15 divide 2253411553?
False
Does 11 divide 731989536?
False
Does 257 divide 497729330?
True
Is 21 a factor of 31587423?
True
Does 664 divide 263222216?
True
Is 362 a factor of 2610744?
True
Is 718 a factor of 2239599242?
True
Is 720537262 a multiple of 2218?
True
Is 34 a factor of 109591481?
False
Does 95 divide 188124240?
False
Does 59 divide 253100816?
False
Is 22 a factor of 318079?
False
Is 14 a factor of 3